i = 660. What is the hundreds digit of i?
1
Suppose 0 = -4*g + 4. Let r be (-22 - -3)/(1/g). Let c = -10 - r. What is the units digit of c?
9
Suppose -2*t = -6*t + 8. Suppose 0 = -3*y + t*n + 21, 0*n - 3*n + 9 = 0. What is the units digit of y?
9
Let c(m) = -35*m. What is the units digit of c(-2)?
0
Let b be (-3 - -4)/(3/30). Let a = 1 + -1. Let r = b + a. What is the units digit of r?
0
Suppose -j - 2*d = -32, -5*j + 4*d = -d - 145. What is the tens digit of j?
3
Suppose 114 = 4*z - 102. What is the tens digit of z?
5
Let a = -20 + 106. What is the units digit of a?
6
Suppose 0 = -2*j + 3*h - 6*h + 364, 0 = 4*j - h - 756. What is the tens digit of j?
8
Let o(f) = f**2 - 5*f + 5. Suppose 8 = d + d. What is the units digit of o(d)?
1
Let h = 492 - 268. What is the hundreds digit of h?
2
Let k(o) = 16*o**2 - 5*o - 5. What is the tens digit of k(-2)?
6
Let f(p) = -3*p**3 + p**2 + p + 3. Let z be f(3). Let k be z/4*(-28)/(-21). What is the units digit of (3/6)/((-1)/k)?
1
Suppose -3*f - 2*f = -605. What is the units digit of f?
1
Let r(k) = k**2 + 2*k + 3. Let w be r(-2). Let f be (w - 1)*44/8. Let o = 3 + f. What is the tens digit of o?
1
Let i(s) = -s**2 + 21*s + 43. What is the units digit of i(21)?
3
Suppose -2*b - 200 = -4*b. Suppose -b - 112 = -4*h. What is the units digit of h?
3
Let q = 9 + -6. Suppose -q*x + 4*x - 8 = 0. Suppose -z - 5*h - x = 0, -5*z + 2*z + 2*h + 27 = 0. What is the units digit of z?
7
Let r = -14 + 45. Let o = 14 + -36. Let x = o + r. What is the units digit of x?
9
What is the units digit of (106 - 2/(-2))/((-1)/(-3))?
1
Suppose 32 = -2*t - 4*h + 2, 0 = 3*t + 4*h + 53. Let k = -7 - t. What is the units digit of k?
6
Suppose -4*j + 0*j = -480. Let g be (j/(-16))/((-6)/8). What is the units digit of (-5)/g - (-38)/4?
9
Let r(u) = 4*u**2 + u + 3. What is the tens digit of r(-2)?
1
Let n(l) = -8*l + 3. Let c = 1 - -1. Let j be n(c). Let q = j - -18. What is the units digit of q?
5
Suppose 15*q - 324 = 11*q. What is the units digit of q?
1
Suppose 3*s + 3*b = 69, -2*b - 34 = 2*s - 4*s. What is the units digit of s?
0
Suppose 3*r - 21 - 45 = 0. Let l(g) = 2*g + 1. Let z be l(-2). Let u = r + z. What is the tens digit of u?
1
Suppose 200 = 6*d - 2*d. What is the units digit of d?
0
Suppose 4*t + 16 = 2*t. Let r(x) = -x**2 - 13*x. What is the units digit of r(t)?
0
Let p(w) = w + 12. Suppose 2*k - k = 0. Let t be p(k). Suppose -2*q - q - 3*f - t = 0, 3*q - 8 = f. What is the units digit of q?
1
Let h(s) = s**3 + 7*s**2 - 2*s - 5. Let g be h(-6). Let f(a) = a**3 - a**2 - 2*a + 2. Let k be f(-3). Let t = k + g. What is the tens digit of t?
1
Let y(z) = -z**2 - 6*z + 2. Let t be y(-6). Suppose 0 = w - t*r - 0*r - 9, 5*r = -10. What is the units digit of w?
5
Let u(l) = l**3 + 6*l**2 + 6*l + 5. Let b be u(-5). Let n(t) = -t**2 + 6*t - 4. Let j be n(4). Suppose -2*q + j = -b. What is the units digit of q?
2
Suppose 0*s - 5*s + 16 = 4*u, 2*s = -2*u + 6. Suppose 2*v + s = 14. Let k(w) = -w + 6. What is the units digit of k(v)?
1
What is the tens digit of (14/6)/((-6)/(-288))?
1
Suppose -142 = -3*g + 2*i + 263, 4*g - 3*i = 540. What is the units digit of g?
5
Suppose 0 = 3*h - 2*m + 41, -5*h + 2*m = -0*h + 71. Let v be (h/(-9))/(2/(-12)). What is the units digit of v*((-13)/(-5) - 3)?
4
Suppose 16 - 1 = x. What is the units digit of x?
5
What is the units digit of -1 + 1 + 9 + -5?
4
Suppose 0 = t - 11 + 9. Suppose d - 202 = -4*d - 4*y, -6 = -t*y. What is the units digit of d?
8
Suppose -4*y + 6*y = 8. Suppose 27 = h + l, 6 = h - 4*l + y. What is the units digit of h?
2
Suppose 2*i = -3*i - 3*s + 72, -4*s = -i - 4. What is the units digit of (-3)/4 + 117/i?
9
Suppose 7*s = 3*s + 8. Let a be -1*s - (-11 + 5). Suppose 3*z - 6 = -3*x, -a*x + 6 + 8 = 5*z. What is the units digit of z?
6
Let v be 2 + 2 + -1 + 0. Let f be 1/2 + v/2. Suppose -l - 5*x + 16 = -f*l, l + 4*x = 20. What is the units digit of l?
4
Let u(r) = 2*r**2 - 9*r - 8. What is the tens digit of u(7)?
2
Suppose 0 = 3*q - 120 + 12. What is the tens digit of q?
3
Let s = -27 + 16. Let k = s - -18. What is the units digit of k?
7
Suppose -2*g + 5 + 5 = 0. Suppose g*z - 5 = -0*z. What is the units digit of z?
1
What is the tens digit of 1/(1/(-12)*-4) - -39?
4
Let d = 48 + -20. Suppose d = 4*w + 5*a, -41 = -5*w - 5*a - 11. What is the units digit of w?
2
Let x be 4 + -5 - (-1 + -2). Suppose -2*a + x = -2. Suppose a*g - 4 = 0, 3*q - 22 = q - 3*g. What is the units digit of q?
8
Let o = -41 - -66. What is the units digit of o?
5
Let b(r) = 8*r - 4. Let s be b(4). What is the tens digit of 18/7*s/6?
1
Suppose -701 = -2*l + 5*d, 10*d - 1080 = -3*l + 8*d. What is the units digit of l?
8
Suppose -2*j = -j - x - 10, -3*j + 5*x + 38 = 0. Suppose -j*k + 2*k = -4. What is the units digit of k?
1
Let c(r) = 2*r**2 - 2. Let j be (-12)/5 - 2/(-5). Let h = 0 - j. What is the units digit of c(h)?
6
Let y be (-1)/(1/(-3)*1). Suppose -2*m + y*m - 3*r = 4, 5*m - r = 34. What is the units digit of m?
7
Let m = 0 - 4. Let z = m - -4. Let j(y) = y**2 + 13. What is the units digit of j(z)?
3
Let c(k) = -k**3 - 3*k**2 - 3*k - 5. Let r be 1/((-3)/(2*6)). What is the units digit of c(r)?
3
Let t = -51 + 81. Suppose 0*c = -2*c + t. What is the tens digit of c?
1
Let f(z) = 2*z - 17. What is the tens digit of f(23)?
2
Suppose 0 = -4*t + 33 + 27. Suppose -l - 2*l = t, 5*l = -3*n + 41. What is the units digit of n?
2
Let h(y) = 2*y**3 + 2*y**2 - y - 2. Let s be h(2). Suppose -2*z - s = -4*z + c, 0 = 5*z + 5*c - 80. What is the units digit of z?
2
Suppose 55 = 3*t + 7. What is the units digit of t?
6
Let h be 1 - (-3 + 0 + 2). Let v(i) = 6*i**2. What is the units digit of v(h)?
4
Suppose -d - 2*n = -35, 73 + 95 = 4*d + n. What is the units digit of d?
3
Let n(q) = 24*q**3 - 2*q**2 - 2. Let c be n(2). Suppose 3*d = -4*r + 118, 5*d = -0*r - 3*r + c. What is the units digit of d?
4
Let r(s) = -s**2 - 7*s - 3. Let c be r(-6). Suppose -32 = -c*p + p. What is the units digit of p?
6
Suppose f = g - 9, 0*g - 21 = -5*g - 3*f. What is the units digit of g?
6
Suppose 0 = 2*w + 3*w - 10. Suppose -w*c + 5*i = -c - 2, -c + 2 = i. Let p = c - -7. What is the units digit of p?
9
Let r = -188 - -324. What is the tens digit of r?
3
Suppose -c - m = m - 8, -3*c = -3*m + 12. Suppose c = -4*f + 2*x + 46, -2*x = 4*f - 0*x - 26. What is the units digit of f?
9
Let f = 596 + -403. What is the units digit of f?
3
What is the tens digit of (0 - -1)*(32 - -3)?
3
Let s be (-2)/1*6/(-4). Suppose d = w + w - 5, 0 = -s*w - d - 5. Suppose w = -5*b - 20, c = -0*c - 2*b - 2. What is the units digit of c?
6
Let u(x) = -x - 6. Let h be u(-8). Suppose -3*m = h*m. Let q(i) = i**3 - i**2 + 6. What is the units digit of q(m)?
6
What is the tens digit of (-138)/(-9)*3*3?
3
Suppose 0 = -4*c + 2 + 2. Let n be (-35)/10*8/(-14). What is the units digit of ((-9)/(-2))/(c/n)?
9
Suppose -62*a - 134 = -63*a. What is the hundreds digit of a?
1
What is the units digit of (-24)/132 - 1126/(-22)?
1
Suppose -5*y + 4*y + 52 = 0. Suppose 0 = 2*v + i - 59, -2*v = -v - 4*i - y. What is the units digit of v?
2
Let n(d) = 3*d - 5. Let a be n(9). Suppose z = -z - a. Let h = z - -19. What is the units digit of h?
8
Let s(u) = u**3 + 5 + 0*u**3 - 2*u - 13 + 7*u**2 - u. What is the units digit of s(-6)?
6
Let g be ((-23)/(-2))/(3/6). Let z be 2 + -5 + 4 + g. Suppose -2*y + 2*v + z = 0, -y + 2*v + 5 = -10. What is the units digit of y?
9
Let t be (-4 + 5)/((-2)/(-38)). Suppose -4*n = -t - 29. What is the units digit of n?
2
Suppose 4*c - 228 = k, -4*c + 144 = -2*k - 80. What is the units digit of c?
8
Suppose -4*h = -256 - 4. What is the units digit of h?
5
Suppose -5*d = -25, -z - 23 = -0*z - 5*d. Suppose -z*l = -l - 20. What is the units digit of l?
0
Let k be (7 + -3)*(-9)/4. What is the units digit of (k - -15) + -1*2?
4
Suppose 0*v = -2*v. What is the tens digit of (-3 + v)/((-6)/78)?
3
Let i = 2 + 42. Suppose y = -17 + i. What is the units digit of y?
7
Let j be (-5 - -3) + 15 - -1. Suppose 0 = -2*a + 4, a = 3*w + w - j. What is the units digit of w?
4
Let i be (1 + (-28)/6)*-102. What is the units digit of 2/10 - i/(-55)?
7
Let t(h) = 70*h + 4. What is the units digit of t(3)?
4
Let s(l) = 5*l**2 - 3*l - 3. Suppose 4*b - 2*b + 4 = 0. What is the tens digit of